 a.
3, 719
Suppose 3*i + 6*x - 8*x - 1382 = 0, 3*i - 3*x = 1383. Let s = i - 58. List the prime factors of s.
2, 3, 67
Let t(w) = 7*w**2 + 24*w + 30. Let o be t(-12). Suppose o = 3*q - z, z = 5*q - 4*z - 1240. What are the prime factors of q?
251
Let x(r) be the first derivative of 37*r**4/4 - r**3/3 + 11*r - 106. What are the prime factors of x(3)?
7, 11, 13
Let x(z) = -2*z**2 - 23*z - 22. Let c = 165 - 105. Let n be (-4)/5 - (-228)/c - 12. List the prime factors of x(n).
23
Let i(g) = 2*g**3 - 40*g**2 + 43*g + 19. Let b be i(30). Suppose b - 2089 = 21*o. What are the prime factors of o?
2, 5, 41
Let m(b) = 2*b - 4. Let i be m(4). Suppose -2*j + 569 + 401 = i*w, j + 3*w - 483 = 0. List the prime factors of j.
3, 163
Let r(f) = 4138*f**2 + 46*f + 8. List the prime factors of r(-2).
2, 23, 179
Let w(q) = 7*q + 26. Let c be w(-3). Suppose 0 = -o - c*g - 6, 4*o - 3*g = 6 + 16. Let p(z) = 2*z**3 - 6*z**2 + 4*z - 7. List the prime factors of p(o).
41
Let a be 3 - 4/(48/(-3))*-4. Suppose -a*x - 135 = -5*k + 52, -2*k + 58 = -5*x. List the prime factors of (5 - 4) + k + 4.
2, 11
Let m(z) = -1164*z - 3271. What are the prime factors of m(-31)?
11, 19, 157
Suppose -3*i = 3*p - 18, 2*p = 6 - 2. Suppose -i*x + 193 - 185 = 0. List the prime factors of x*(-2 + 5) + -2.
2
Let x(a) = 4*a - 47. Suppose 4*l = -3*q + 63, 0 = 2*l - 0*q - 2*q - 28. List the prime factors of x(l).
13
Let v = 4347 - 1622. List the prime factors of v.
5, 109
Suppose -2*t = 8 - 0, 0 = 4*v - t + 240. Let a = -21 - -32. Let p = a - v. List the prime factors of p.
2, 3
Suppose 43610 = 7*o + 12498 - 12295. What are the prime factors of o?
3, 13, 53
Suppose 0 = 8*c - 41 - 119. Let t(r) = -r**2 - 17*r - 69. Let k be t(-6). What are the prime factors of (-1 - c/(-15)) + (-653)/k?
2, 109
Let m(b) = b**2 + 15*b - 12. Let a be m(-10). Let r = -55 - a. Suppose -26 = r*d - 278. What are the prime factors of d?
2, 3
Let p be (-3)/((-15)/245) - (-1 + 2). Suppose -4*o = -2*v + p - 326, 0 = -5*o - 3*v + 320. Suppose n + o = 138. What are the prime factors of n?
71
Suppose 158723 = 2*r - 3*u, 0 = 3*u - 160 + 157. List the prime factors of r.
19, 4177
Let a(l) = l**3 + 18*l**2 + 2*l - 12. Let m be a(-7). Let b = m - 446. What are the prime factors of b?
67
Suppose 0 = -6*y + 8*y + 150. Let n = -30 - y. Suppose 4*m - n = -j, 4*m - 345 = -5*j + 8*m. What are the prime factors of j?
5, 13
Let t(z) = -14*z + 32. Let r be t(3). What are the prime factors of 912/r*(-12 + 7)?
2, 3, 19
Suppose -2*w = 0, 2*u + 30 = -3*u + 3*w. Let s be (24/(-7))/(u/21). Let n(q) = q**2 - 6*q - 27. What are the prime factors of n(s)?
3, 5
Let u(v) = -203*v**2 - 16*v - 9. Let i be u(-3). Let m = i + 3683. List the prime factors of m.
5, 379
Let h(g) = g**3 - 14*g**2 + 5*g - 7. Let t = -417 + 433. What are the prime factors of h(t)?
3, 5, 13
Let l(y) = 272*y - 3. Suppose 215*j - 214*j = 2. List the prime factors of l(j).
541
Let u(a) = -86*a**3 - 2*a**2 - 18*a - 38. What are the prime factors of u(-3)?
2, 5, 29
Let k(q) = -37*q + 28. Let z be k(-21). Suppose 8*a - 13*a = -z. List the prime factors of a.
7, 23
Let r = -78596 + 133457. List the prime factors of r.
3, 18287
Let d be 14*(-22)/(-231) - 23746/3. What are the prime factors of ((-5)/(-2 + -13))/((-2)/d)?
1319
Suppose -3*y + 195816 = 5*k, k = 4*y + 36603 - 297760. What are the prime factors of y?
65287
Let o = -1778 - -942. Let f = o - -2070. What are the prime factors of f?
2, 617
Suppose 3*g - 71198 = 5*p, 0 = 3*g + 3*p - 69659 - 1579. What are the prime factors of g?
23741
List the prime factors of (2962026/(-395))/(10/(-75)).
3, 2083
Let t(g) = 7318*g - 8925. What are the prime factors of t(8)?
29, 59
Suppose 9 = 4*y + 6*x - 3*x, 5*y - 17 = 2*x. Suppose 0 = 4*a + y*t - 831, 0 = -2*a + 11*t - 13*t + 418. What are the prime factors of a?
2, 3, 17
Let m(u) be the second derivative of 5/6*u**3 - 4*u + 0 + 7/12*u**4 - 5/2*u**2. List the prime factors of m(3).
73
Suppose -22*o + 49113 = -78487. What are the prime factors of o?
2, 5, 29
Let n = 10431 - 3251. What are the prime factors of n?
2, 5, 359
Suppose 3*i - 33*a = -30*a + 25167, -42 = -7*a. List the prime factors of i.
5, 23, 73
Let k = 55 - 66. Let o(s) = -s**3 - 13*s**2 - 21*s + 16. Let u be o(k). Suppose 4*z = -0*m + m + 321, -2*z = -u*m - 165. What are the prime factors of z?
2, 5
Suppose 2*r + 5*g = 130458, 103*g = 3*r + 100*g - 195771. What are the prime factors of r?
71, 919
What are the prime factors of 536*((-5750)/(-184) + (-6)/1)?
2, 67, 101
Suppose -11*u - 9 = -8*u. What are the prime factors of (-7923)/38*2/u?
139
Let t be (-2 - (-52)/8)*(0 - 10). What are the prime factors of ((-145)/t - 3) + (-25401)/(-27)?
941
Suppose 4*m - 136424 = 5*l, 2*m + 5*l + 13345 = 81557. List the prime factors of m.
2, 17053
Suppose 4*t - 5*d = -2, -t + 0*t - 4 = -3*d. Let b = t + 37. What are the prime factors of b?
3, 13
Let b be (-5)/(-10)*-4 + (1 - -3). Suppose -b*n + 181 + 1015 = 0. What are the prime factors of n?
2, 13, 23
Suppose 22 = -29*d + 80. List the prime factors of 63/(-6)*40*d/(-6).
2, 5, 7
Suppose -534 = 2*x - 1702. Let h = 256 + x. Suppose -6*p = -14*p + h. List the prime factors of p.
3, 5, 7
Suppose -2*y + 73 = 53. Let c(b) = -b + 0*b + 20 + 22. List the prime factors of c(y).
2
Let h(n) = 2*n**2 + 3*n + 3. Let r(c) = -3 - 2*c - c - c - c**2. Let d(z) = 4*h(z) + 5*r(z). List the prime factors of d(-4).
7, 11
Let t = 179 - 179. Suppose t = 326*k - 337*k + 1342. List the prime factors of k.
2, 61
Let j(y) = 16*y + 1. Let s(n) = 1. Let p(c) = -2*j(c) + 14*s(c). Let r be p(7). Let i = r - -342. What are the prime factors of i?
2, 5, 13
Suppose -2*q + 5170 = -d - 0*d, 5170 = 2*q - 5*d. What are the prime factors of q?
5, 11, 47
Let u(i) = 30*i**2 - 7*i + 473. List the prime factors of u(-14).
6451
Let w(v) = 132*v**2 + 35*v - 370. List the prime factors of w(9).
11, 967
Suppose -2*p - 18886 = -3*z, -2*z + p = 241 - 12833. List the prime factors of z.
2, 47, 67
Let a(i) = -i**3 + 9*i**2 + 3*i + 56. Let k(x) = 2*x**3 - 16*x**2 - 5*x - 111. Let u(h) = -5*a(h) - 2*k(h). List the prime factors of u(14).
2, 17
Let h be 20*-3*(-5)/25*-71. What are the prime factors of (h/(-10))/((-38)/(-95))?
3, 71
Let g be 21/49*(-404)/(-6)*7. Suppose -s - 135 = -5*f - 0*s, -5*s = 4*f - 137. Suppose -g = -2*d + f. What are the prime factors of d?
5, 23
Let l(h) = -14*h**2 - 833*h + 13. What are the prime factors of l(-42)?
10303
Let s = 390 + -110. Suppose 0*d - 5*d + 105 = 0. List the prime factors of ((-45)/(-12))/(d/s).
2, 5
Let t = 291 - 265. Suppose -4405 = t*o - 26999. List the prime factors of o.
11, 79
List the prime factors of ((-10)/65 - 1137364/208)/(9/(-24)).
2, 23, 317
Let c(q) = 3*q**2 - 52*q + 20. Let b be c(17). Suppose -z - 3*z + 4*d = -2692, -2*z - b*d + 1331 = 0. What are the prime factors of z?
2, 5, 67
Let d be ((-5)/15)/((-1)/84). Let w = -28 + d. Suppose 3*k - n - 222 = w, 3*n - 22 - 42 = -k. What are the prime factors of k?
73
Let j be (-10)/((-2)/8 + 14/(-8)). Suppose 4*b - 11 = j. Suppose -b*d + 330 = -2*a - a, 2*a + 85 = d. What are the prime factors of d?
3
What are the prime factors of ((-90)/40)/((-2)/888)?
3, 37
Let w = -173 - -95. Let q = -72 - w. Let t(a) = a**2 + 3*a - 25. List the prime factors of t(q).
29
Let p(r) = 870*r**3 + 10*r**2 - 50. List the prime factors of p(3).
2, 5, 13, 181
Let w = 12432 - 7449. List the prime factors of w.
3, 11, 151
Let m be 153/((-15)/50*-5). Let d = -15 + m. What are the prime factors of d?
3, 29
Let v = 363 + 15. Suppose 0 = -19*r + 18*r + v. List the prime factors of r.
2, 3, 7
Let w = 19504 - 7159. What are the prime factors of w?
3, 5, 823
Suppose 21*a - 231880 = -34*a. List the prime factors of a.
2, 17, 31
Suppose -3*x - 28 = 4*x. Let u be (-123)/x*(0 - 8/(-3)). Let q = -24 + u. List the prime factors of q.
2, 29
Let a be (12/(-24))/(2/(-224)). Let k = -18 - a. Let n = k + 189. List the prime factors of n.
5, 23
Suppose 0 = 4*g - 0*g + 44. Let t be (6/(-5))/(g/3190). Let o = t + -165. What are the prime factors of o?
3, 61
Let g(r) = -1410*r - 7368. List the prime factors of g(-44).
2, 3, 17, 67
Suppose 1 = -5*r - 34. Let w(p) = 3*p + 24. Let o be w(r). Suppose o*f + 2*x = 255, -4*x - 101 = 4*f - 445. What are the prime factors of f?
83
Let m be 8 - 7/(14/